se 5*f - j = -0*p - 5*p, f = -4*p - 6. What is the units digit of f?
0
Suppose 0 = h - 3*h - 26. Let z = 18 + h. What is the units digit of z?
5
Let j(b) = -b**2 - 8*b - 3. What is the units digit of j(-6)?
9
Suppose 5*x - 150 = 2*x. Suppose -14 + x = j. What is the units digit of j?
6
Suppose -5*c = -c + 12. Let p be (2/c)/(10/(-225)). Suppose -21 = -3*b + p. What is the units digit of b?
2
Let x(g) = -g**3 - 9*g**2 + 10*g - 3. Let k be x(-10). Let z = 1 - k. What is the units digit of z?
4
Suppose 0*d = -4*d + 12. Suppose d*g = g + 64. What is the units digit of g?
2
Let w(f) = 13*f**2 + f - 2. Let p be w(-5). Suppose 5*i - p + 88 = 0. What is the units digit of i?
6
Suppose 6 = -t - 1. Let h = 17 + t. What is the units digit of h?
0
Suppose 3*r = -3 + 18. What is the tens digit of (-2)/(-6)*(107 - r)?
3
Let l(t) = t**2 - 10*t - 1. What is the tens digit of l(13)?
3
Suppose 12*b - 14*b + 66 = 0. What is the units digit of b?
3
Suppose -4*n + 3*w + 25 = 0, 3*n + 2*w - 1 = 5. Suppose -5*u - 36 + 117 = -2*b, -63 = -n*u + b. What is the units digit of u?
5
Let r be (-2)/8 + 84/16. Suppose r*b + 5*p - 55 = 0, b + 4*p = -b + 26. What is the units digit of b?
9
Let c(p) = 4*p**2 + 0*p**2 + 3*p - p - p. What is the units digit of c(-1)?
3
Suppose 0*i + 2*i - 14 = 0. Suppose 5*b = -3*v + 155, -b + 3*v + 24 = -i. What is the tens digit of b?
3
Suppose 3*g + 0*g - 42 = 0. What is the tens digit of g?
1
What is the units digit of -1*(1 - 0)*-19?
9
Let x = 12 + 2. Let j be x/3 + (-12)/18. Suppose 0 = u + j*u - 105. What is the units digit of u?
1
Suppose 3*v + 3 - 2 = 2*p, -4 = p - 3*v. Let s = -2 + 5. Suppose c + i + s*i - 19 = 0, -p*c + i = -32. What is the units digit of c?
7
Suppose -2*b - 2 = -12. Suppose -b*j + 34 = -j + 2*k, 0 = 5*j - 5*k - 50. What is the units digit of j?
9
Let u = -4 + 2. Let x(n) be the third derivative of n**6/120 + n**5/30 - n**4/24 + n**3/6 - n**2. What is the units digit of x(u)?
3
Suppose 0 = 3*z + 9 - 0, -4*z = -g + 25. What is the tens digit of g?
1
Let t = 6 - 18. Let u be 1 + -9 - (-1 - 1). Let r = u - t. What is the units digit of r?
6
Let m = -3 + 7. Suppose k + g = 18, 0 = -m*k + k + 2*g + 74. What is the tens digit of k?
2
Let n be ((-6)/15)/((-1)/(-25)). Let y = -1 - n. What is the units digit of y?
9
Let u = -13 - -11. Suppose 0 = -2*i - 2 + 8. What is the units digit of i + (2 - u) + -2?
5
Let j be 0 - (0/2)/3. Suppose j = -2*y - 0*y + 24. What is the units digit of y?
2
Suppose 4*f = -4*y + 5*y + 6, 4*f - 12 = 0. Let a = y + 6. What is the tens digit of a?
1
Let d be ((-10)/4)/((-1)/8). Let h(y) = -4*y + 7. Let l be h(5). Let f = d + l. What is the units digit of f?
7
Suppose -5*j = l - 18, -2*l - 20 = -3*j + 2*l. Suppose -q + j*q - 18 = 0. What is the units digit of q?
6
Let c(s) = s**3 + 4. Let o be c(0). Suppose 7*i + 1 = 2*a + o*i, -23 = -4*a - i. What is the units digit of a?
5
Let q(r) = 2*r**2 + 15*r - 27. What is the tens digit of q(-12)?
8
Suppose k + 3*s = -0*s - 16, -2*k + 4*s = -8. Let l = k - -6. Suppose l*c - 5*j + 9 = 0, 5*j = 4*j + 5. What is the units digit of c?
8
Suppose -5*n + 4*c = -12, 2 = 2*n + 4*c + 14. Let z = n - -22. What is the tens digit of z?
2
Let i(k) = k**2 - 10*k. Let n be i(8). Let v = 6 - n. What is the units digit of v?
2
Suppose 2*s = 5*v - 16, -v + 20 = 4*v. Let b(j) = 4*j**2 - 3*j - 5 + 3 + 3. What is the units digit of b(s)?
1
Suppose -16 = -6*n + 2*n. Suppose n*x - 66 = 94. What is the units digit of x?
0
Let c(h) = -h**2 + 12*h - 2. What is the units digit of c(6)?
4
Let x be (490/8)/((-2)/8). What is the tens digit of x/(-9) + 2/(-9)?
2
Let o(i) = -i**2 + 6*i + 5. Let z be o(6). Suppose z*n - 44 - 36 = 0. Suppose 1 = -5*x + n. What is the units digit of x?
3
Let t = -81 - -47. Let q = 57 + t. Suppose -3*d + q = -d - b, 4*d + 3*b - 21 = 0. What is the units digit of d?
9
What is the tens digit of ((-2943)/18)/((-3)/6)?
2
Suppose 30 = 5*b - 45. Suppose 6*s = 3*s + b. What is the units digit of s?
5
Let h(s) = -8*s**2 - s + 2. Let x be h(-2). Let q = x + 41. Suppose v = q + 5. What is the tens digit of v?
1
Suppose -396 = -3*x - 5*t, t + 491 = 5*x - 169. What is the tens digit of x?
3
Let g(w) be the first derivative of -w**4/4 + 4*w**2 + 9*w + 2. What is the tens digit of g(-4)?
4
Suppose -i = 5, 8*v - 5*v + 2*i = -40. What is the units digit of 3/((-30)/4)*v?
4
Suppose 4*s - 67 = -3*f, 5*f = -0*s + 2*s + 77. Suppose v + 1 = f. What is the units digit of v?
6
Suppose -3*a = 3*c - 9, 12 + 3 = -4*a + 5*c. Suppose a = -3*h - 0 + 3. What is the units digit of h?
1
Suppose 3*r + r + 8 = -5*s, -2*s - 20 = -4*r. Let u be 4/(-3)*r/(-1). Suppose 5*b = -6*f + f + 55, -5*b - 53 = -u*f. What is the units digit of f?
2
Suppose 0 = -p + h, p = -5*h + 11 + 7. Suppose 2*f - p*f = -10. What is the tens digit of f?
1
Let q(s) = 15*s**2 - 4*s - 3. Let h be q(-3). Let k = -59 + h. Suppose 0 = 2*u - 5*i - 48, -u = 4*u + 5*i - k. What is the units digit of u?
9
Let z = -63 + 128. What is the units digit of z?
5
Let x be -1 - (-2 - 9 - -2). What is the units digit of (x/(-12))/(-2)*39?
3
Let k = -26 + 46. What is the tens digit of k?
2
Let t = 13 + 17. What is the tens digit of t?
3
Let w be (-24)/(-10) - 6/(-10). Let s(x) = x**3 + 5*x**2 - 2*x**3 + 4*x - 3*x - w. What is the units digit of s(5)?
2
Let l be (-4)/(-10) + (-256)/40. Let y = l - -8. What is the units digit of y?
2
Let b = 22 - -18. What is the tens digit of b?
4
Let l(g) = g**3 + 7*g**2 + 4*g - 6. Let y be l(-6). What is the units digit of (16/6)/(2/y)?
8
Let n(u) = -3*u**3 - u**2 + u + 1. Let w be n(-1). Suppose 3*o = w*o. Suppose a = -o + 7. What is the units digit of a?
7
Let k(f) = f**2 + f + 5. Let o be k(4). Let n be (-3 + 5)*o/2. What is the units digit of 3/(-9) - n/(-3)?
8
Suppose -5*b - 3*s = -288, 3*b + s - 196 = 5*s. Suppose 6*h - h = b. What is the tens digit of h?
1
Let z(h) = -12*h**3 + 2*h + 1. Let l be z(-1). Suppose 0 = 3*n - l + 2. Suppose 4*g + n*s = 3, 2*s + 18 = 3*g + g. What is the units digit of g?
3
Suppose -5*u = -3*t + 264, t - 67 = -u + 29. What is the units digit of t?
3
Let u be 2 - (-1 + 28 - -3). Let k = 64 + u. What is the tens digit of k?
3
Let g = 0 + 3. Suppose -2*i - g = -13. Suppose -y + 58 = 4*k, -4*k - 10 = i*y - 60. What is the tens digit of k?
1
Suppose 0*w = -5*w - 5. Let x be (0 - 0)/w - 13. Let z = x - -27. What is the tens digit of z?
1
Let r(y) = 4*y**2 + 4*y - 3. Suppose -2 + 0 = -i. What is the units digit of r(i)?
1
Let y(n) = 4*n**2 - 11*n - 1. What is the tens digit of y(6)?
7
Let o(u) = u**3 - 5*u**2 + u - 5. Let j be o(5). Suppose -5*b = -j*s - 3*s + 5, 2*b - 2*s = -2. What is the units digit of b + (8 - (-1 + 1))?
7
Suppose -2*d = -d - 7. Suppose d*z - 12 = 3*z. Suppose r - z*r + 40 = 0. What is the units digit of r?
0
Suppose 9 = 3*s + 3*g, -g + 2 = 2*s - 5. Let b = s + -10. What is the units digit of (-4 - -9)/((-2)/b)?
5
Suppose b = 2*b - 166. What is the hundreds digit of b?
1
Suppose -f - 5 = 4*f, -2 = n - 4*f. What is the tens digit of (-225)/n - (-1)/2?
3
Let u be 25/(-10)*12/(-5). What is the units digit of u/(-18) + 52/3?
7
Let l(q) = -q + 1. Let z(y) = -2*y - 1. Let f(k) = l(k) - z(k). Let s be f(-2). Suppose 5*j - 5*h - 28 - 52 = 0, s = 4*h + 12. What is the units digit of j?
3
Suppose 3*a - 5 - 4 = 0. Suppose -2*l = -l - a, 54 = -5*i - 2*l. Let x = 5 - i. What is the tens digit of x?
1
Let z be 6/(-21) + (-225)/21. Let l = z - -20. What is the units digit of l?
9
Suppose -3*f = -4*k + 1092, -2*f + 6*f - 546 = -2*k. What is the units digit of k?
3
Let u(x) = -5*x**2 - 8*x + 0*x**2 + 6 + 4*x**2 + 0*x**2. Let n be u(-8). Let a = 11 - n. What is the units digit of a?
5
Let s(n) = -17*n - 17. What is the tens digit of s(-6)?
8
Suppose 0 = -2*n - 2*n + 16. What is the units digit of n?
4
Let d(r) = 31*r - 6. What is the tens digit of d(8)?
4
Suppose 10*j = 3*j + 560. What is the tens digit of j?
8
What is the tens digit of 4 - (-180 + -4)/4?
5
Let l(w) = -w**2 - 12*w + 7. Let u be l(-11). Let p = 1 + u. What is the tens digit of p?
1
Let w be (-11)/(0 + -1) - 1. Let y = 14 - w. Suppose -2 = -y*z + 2*z. What is the units digit of z?
1
Suppose -2*i = -i - 35. Let r = -14 + i. What is the tens digit of r?
2
Let r = -18 + 35. What is the tens digit of r?
1
What is th